{"id":308,"date":"2021-05-01T11:08:25","date_gmt":"2021-05-01T11:08:25","guid":{"rendered":"http:\/\/bluthochdruck-dresden.de\/?page_id=308"},"modified":"2026-01-07T16:50:13","modified_gmt":"2026-01-07T16:50:13","slug":"online-gruppe","status":"publish","type":"page","link":"http:\/\/bluthochdruck-dresden.de\/?page_id=308","title":{"rendered":"Online-Gruppe"},"content":{"rendered":"\n<figure class=\"wp-block-image\"><img loading=\"lazy\" decoding=\"async\" width=\"723\" height=\"1024\" src=\"http:\/\/bluthochdruck-dresden.de\/wp-content\/uploads\/2021\/12\/SHGBluthochdruckOnline1-723x1024.jpg\" alt=\"\" class=\"wp-image-343\" srcset=\"http:\/\/bluthochdruck-dresden.de\/wp-content\/uploads\/2021\/12\/SHGBluthochdruckOnline1-723x1024.jpg 723w, http:\/\/bluthochdruck-dresden.de\/wp-content\/uploads\/2021\/12\/SHGBluthochdruckOnline1-212x300.jpg 212w, http:\/\/bluthochdruck-dresden.de\/wp-content\/uploads\/2021\/12\/SHGBluthochdruckOnline1-768x1088.jpg 768w, http:\/\/bluthochdruck-dresden.de\/wp-content\/uploads\/2021\/12\/SHGBluthochdruckOnline1-624x884.jpg 624w, http:\/\/bluthochdruck-dresden.de\/wp-content\/uploads\/2021\/12\/SHGBluthochdruckOnline1.jpg 1412w\" sizes=\"auto, (max-width: 723px) 100vw, 723px\" \/><\/figure>\n\n\n\n<h2 class=\"wp-block-heading\">Termine<\/h2>\n\n\n\n<figure class=\"wp-block-table\"><table class=\"has-fixed-layout\"><tbody><tr><td><strong>16. Juni 2021<\/strong><br>17.00 &#8211; 18.00 Uhr<\/td><td><strong>Kennenlernen &#8211; Date<\/strong><br>1. Treffen<\/td><\/tr><tr><td><strong>07. Januar 2026<\/strong><br>19.00-20.00Uhr<\/td><td>Ausfall wegen Krankheit <\/td><\/tr><tr><td><strong>04. Februar 2026<\/strong><br>19.00-20.00Uhr<\/td><td><strong>Bluthochdruck<\/strong><br>ein wesentlicher Risikofaktor f\u00fcr Schlaganfall <br>Vortrag: OA Dr. H. Palisch<\/td><\/tr><tr><td><strong>04. M\u00e4rz 2026<\/strong><br>19.00-20.00Uhr <\/td><td><strong>Oviva<br><\/strong>App-Vorstellung &#8211; stressfrei, gesund und nachhaltig abnehmen ohne Kalorienz\u00e4hlen &#8211; Krankenkasse \u00fcbernimmt die Kosten<br>Vortrag:  D. Mauersberger<\/td><\/tr><tr><td><strong>01 April 2026<\/strong><br>19.00-20.00Uhr <\/td><td><strong>Cannabis<br><\/strong>Wie kann man es richtig anwenden &#8211; auch bei Bluthochdruckkrisen?<br>Vortrag: R. Rudolf &#8211; Apotheker<\/td><\/tr><tr><td><strong>06. Mai 2026<\/strong><br>15.00 &#8211; 17.00 Uhr<\/td><td><strong>Welthypertonietag<\/strong><br>Versuch der \u00dcbertragung per Zoom zum Welthypertonietag 3 Vortr\u00e4ge rund um den Bluthochdruck<\/td><\/tr><tr><td><strong>03. Juni 2026<\/strong><br>19.00-20.00Uhr <\/td><td><strong>Warum bekomme ich Diabetes?<\/strong><br>Vortrag: Dr. N. Unger &#8211; Apothekerin<\/td><\/tr><tr><td><strong>02. September 2026<\/strong><br>19.00-20.00Uhr <\/td><td><strong>Moderne Diabetestherapien<\/strong><br>Vortrag: Dr. N. Unger &#8211; Apothekerin<\/td><\/tr><tr><td><strong>07. Oktober 2026<\/strong><br>19.00-20.00Uhr <\/td><td><strong>Herzschw\u00e4che<\/strong><br>Symptome, Ursachen und Behandlung<br>Welche Rolle spielt dabei Bluthochdruck?<br>Vortrag: OA Dr.H.Palisch<\/td><\/tr><tr><td><strong>04. November 2026<\/strong><br>19.00-20.00Uhr <\/td><td><strong>Sch\u00fcssler Salze<\/strong><br>bei Bluthochdruck zum Ausgleich der Mineralstoffversorgung?<br>Vortrag: N. Krause \/ PTA<\/td><\/tr><tr><td><strong>02. Dezember 2026<\/strong><br>19.00-20.00Uhr <\/td><td><strong>Bluthochdruck<\/strong> &#8211; L\u00e4nger leben trotz Bluthochdruck &#8211; was ist entscheidend?<br>Vortrag: Ines Petzold<\/td><\/tr><tr><td><\/td><td><\/td><\/tr><tr><td> <\/td><td><\/td><\/tr><\/tbody><\/table><\/figure>\n\n\n\n<p>Alle Treffen sind unverbindlich und finden virtuell als Online -Vortrag statt mit anschlie\u00dfender digitaler Fragerunde. Es k\u00f6nnen auch Chatanfragen gestellt werden.<\/p>\n\n\n\n<p>Anmeldung zum Login siehe oben. Einfach \u00fcber die E-mail Adresse: Bluthochdruck-Dresden@gmx.de<\/p>\n","protected":false},"excerpt":{"rendered":"<p>Termine 16. Juni 202117.00 &#8211; 18.00 Uhr Kennenlernen &#8211; Date1. Treffen 07. Januar 202619.00-20.00Uhr Ausfall wegen Krankheit 04. Februar 202619.00-20.00Uhr Bluthochdruckein wesentlicher Risikofaktor f\u00fcr Schlaganfall Vortrag: OA Dr. H. Palisch 04. M\u00e4rz 202619.00-20.00Uhr OvivaApp-Vorstellung &#8211; stressfrei, gesund und nachhaltig abnehmen ohne Kalorienz\u00e4hlen &#8211; Krankenkasse \u00fcbernimmt die KostenVortrag: D. Mauersberger 01 April 202619.00-20.00Uhr CannabisWie kann man [&hellip;]<\/p>\n","protected":false},"author":2,"featured_media":0,"parent":0,"menu_order":0,"comment_status":"closed","ping_status":"closed","template":"","meta":{"footnotes":""},"class_list":["post-308","page","type-page","status-publish","hentry"],"_links":{"self":[{"href":"http:\/\/bluthochdruck-dresden.de\/index.php?rest_route=\/wp\/v2\/pages\/308","targetHints":{"allow":["GET"]}}],"collection":[{"href":"http:\/\/bluthochdruck-dresden.de\/index.php?rest_route=\/wp\/v2\/pages"}],"about":[{"href":"http:\/\/bluthochdruck-dresden.de\/index.php?rest_route=\/wp\/v2\/types\/page"}],"author":[{"embeddable":true,"href":"http:\/\/bluthochdruck-dresden.de\/index.php?rest_route=\/wp\/v2\/users\/2"}],"replies":[{"embeddable":true,"href":"http:\/\/bluthochdruck-dresden.de\/index.php?rest_route=%2Fwp%2Fv2%2Fcomments&post=308"}],"version-history":[{"count":28,"href":"http:\/\/bluthochdruck-dresden.de\/index.php?rest_route=\/wp\/v2\/pages\/308\/revisions"}],"predecessor-version":[{"id":437,"href":"http:\/\/bluthochdruck-dresden.de\/index.php?rest_route=\/wp\/v2\/pages\/308\/revisions\/437"}],"wp:attachment":[{"href":"http:\/\/bluthochdruck-dresden.de\/index.php?rest_route=%2Fwp%2Fv2%2Fmedia&parent=308"}],"curies":[{"name":"wp","href":"https:\/\/api.w.org\/{rel}","templated":true}]}}